59267 prime?
True
Is 37964921 prime?
True
Is 2592647 prime?
True
Is 57111169 composite?
True
Is 137805235 a prime number?
False
Is 21478817 a composite number?
False
Is 203041 a composite number?
True
Is 2439083 composite?
False
Is 17528647 composite?
False
Is 5227715 composite?
True
Is 1476479 composite?
True
Is 264627917 a composite number?
False
Is 7166879 a composite number?
True
Is 88731581 a prime number?
True
Is 402339217 a prime number?
False
Is 3741901 a composite number?
True
Is 74200993 a prime number?
True
Is 4956731 composite?
True
Is 5150105 a prime number?
False
Is 271839089 a composite number?
True
Is 271694443 a prime number?
True
Is 56389547 a prime number?
True
Is 28857833 composite?
False
Is 419693 a composite number?
False
Is 3527158 a prime number?
False
Is 25209501 a prime number?
False
Is 297581 prime?
True
Is 18995315 prime?
False
Is 22060943 prime?
True
Is 96847447 composite?
False
Is 606851369 prime?
True
Is 42283851 composite?
True
Is 35399369 a prime number?
False
Is 53780893 prime?
False
Is 2730383 a prime number?
True
Is 1068167 a composite number?
True
Is 4659817 prime?
False
Is 182471821 a prime number?
False
Is 2387347 prime?
True
Is 990953 a composite number?
False
Is 21086605 composite?
True
Is 286021679 composite?
False
Is 71591537 a composite number?
False
Is 579869 a prime number?
True
Is 1019938301 prime?
True
Is 10720129 composite?
True
Is 76387645 prime?
False
Is 52694731 composite?
True
Is 2014093 a composite number?
True
Is 5920391 composite?
False
Is 24068683 prime?
True
Is 170566931 a composite number?
False
Is 498149 a prime number?
False
Is 696513 prime?
False
Is 1498909 prime?
False
Is 182618351 composite?
False
Is 572411 composite?
True
Is 75813191 prime?
True
Is 3733909 a prime number?
False
Is 107465 prime?
False
Is 120684469 a composite number?
True
Is 60474703 composite?
False
Is 9701629 a composite number?
True
Is 3693253 prime?
True
Is 49203361 prime?
True
Is 188087 prime?
False
Is 416596361 a prime number?
True
Is 2679731 composite?
False
Is 9438085 prime?
False
Is 29748382 a prime number?
False
Is 6942245 a composite number?
True
Is 13102879 a prime number?
False
Is 2317151 prime?
False
Is 76277543 a composite number?
False
Is 14682697 prime?
True
Is 2667097 prime?
True
Is 58177361 a prime number?
False
Is 48893477 a composite number?
True
Is 152770571 a composite number?
False
Is 446273 prime?
True
Is 13833451 prime?
False
Is 26204177 a prime number?
False
Is 155365201 prime?
True
Is 29233093 a prime number?
False
Is 315553603 a prime number?
False
Is 5878007 a composite number?
False
Is 8718029 prime?
False
Is 753979 a prime number?
True
Is 23389339 a composite number?
False
Is 1538717 composite?
True
Is 153650509 a composite number?
False
Is 7683437 composite?
True
Is 22734251 a composite number?
False
Is 204233 a prime number?
True
Is 45333793 composite?
True
Is 18551591 a composite number?
True
Is 361011997 a composite number?
True
Is 2589779 a prime number?
True
Is 4243619 composite?
False
Is 7526593 a composite number?
False
Is 995881 a composite number?
False
Is 2805199 prime?
False
Is 205434335 prime?
False
Is 2307863 composite?
False
Is 13091087 a composite number?
False
Is 1529263 a composite number?
False
Is 727069 composite?
True
Is 8288467 a prime number?
False
Is 1062121 a composite number?
False
Is 1253353 prime?
False
Is 1081927871 composite?
False
Is 427003 a composite number?
True
Is 22076227 a prime number?
False
Is 3166721 a composite number?
False
Is 122026495 composite?
True
Is 4997711 a composite number?
True
Is 114919219 a prime number?
True
Is 1004641 prime?
False
Is 654578 a prime number?
False
Is 1860557 prime?
False
Is 2221279 a prime number?
False
Is 15632017 a prime number?
False
Is 9486559 a composite number?
False
Is 148758671 prime?
True
Is 86949413 a prime number?
True
Is 12657247 composite?
False
Is 49364283 a composite number?
True
Is 165144073 prime?
True
Is 1281083 prime?
True
Is 12863581 a composite number?
True
Is 3907318 a composite number?
True
Is 2512091 prime?
False
Is 108544201 composite?
True
Is 536245031 a prime number?
False
Is 38710361 prime?
False
Is 7194797 prime?
False
Is 1202267 a composite number?
True
Is 1407779 a composite number?
True
Is 9941329 composite?
True
Is 110320933 prime?
True
Is 52543817 composite?
False
Is 1693763 prime?
True
Is 85610443 prime?
False
Is 4907171 prime?
False
Is 19003661 a prime number?
True
Is 18056461 a prime number?
True
Is 88183853 a prime number?
True
Is 36681017 a prime number?
False
Is 7355957 a prime number?
False
Is 9182903 composite?
False
Is 112620401 a prime number?
True
Is 40779161 a prime number?
False
Is 67654 composite?
True
Is 104723 a prime number?
True
Is 328367071 a prime number?
False
Is 1960897151 composite?
False
Is 57944137 a prime number?
True
Is 58599989 prime?
False
Is 7528889 a prime number?
False
Is 4935871 a composite number?
False
Is 20493719 a composite number?
False
Is 66372109 prime?
False
Is 5022503 a composite number?
False
Is 5123254 composite?
True
Is 213042667 a prime number?
True
Is 406267 a composite number?
False
Is 101938 a prime number?
False
Is 12273497 a composite number?
False
Is 166993 a composite number?
True
Is 16697041 composite?
False
Is 1031471 composite?
True
Is 35034491 prime?
False
Is 1821233 composite?
False
Is 109963993 a prime number?
True
Is 82884491 prime?
False
Is 304151 a composite number?
False
Is 69744221 prime?
True
Is 256527091 prime?
False
Is 719143 a prime number?
True
Is 295411 composite?
False
Is 8426797 a composite number?
False
Is 39292157 a composite number?
False
Is 1297601 prime?
True
Is 63986095 prime?
False
Is 64223221 prime?
False
Is 14471497 prime?
False
Is 13977149 a prime number?
True
Is 2451973 composite?
False
Is 12436369 prime?
False
Is 227247113 prime?
True
Is 109938489 prime?
False
Is 1822367 prime?
True
Is 5539103 prime?
False
Is 49726273 a prime number?
False
Is 1704313 a prime number?
False
Is 5920345 a prime number?
False
Is 13210951 a composite number?
True
Is 2982517 a composite number?
False
Is 107758753 a prime number?
True
Is 5696891 prime?
True
Is 17238917 a composite number?
True
Is 11994667 a prime number?
False
Is 1214011 composite?
False
Is 13439938 a prime number?
False
Is 60116111 a composite number?
True
Is 337029023 a prime number?
False
Is 2943835 a composite number?
True
Is 988199 a composite number?
False
Is 18224729 composite?
False
Is 4302847 prime?
True
Is 4162537 composite?
True
Is 1488059 a composite number?
True
Is 130188667 a prime number?
False
Is 30251099 composite?
True
Is 94996893 a prime number?
False
Is 1075433261 a prime number?
False
Is 556489 composite?
True
Is 6395929 composite?
False
Is 29852197 a composite number?
True
Is 7829633 composite?
True
Is 3109739 composite?
True
Is 5976511 composite?
True
Is 2429987 composite?
True
Is 140717 a prime number?
True
Is 1910891 a composite number?
False
Is 47437759 a prime number?
True
Is 8163082 composite?
True
Is 518895703 prime?
True
Is 542081 composite?
False
Is 31829 a composite number?
True
Is 14836007 prime?
False
Is 10924061 a prime number?
True
Is 43473851 prime?
True
Is 5155351 a composite number?
False
Is 19355899 a composite number?
False
Is 3817291 composite?
False
Is 1467829 a prime number?
False
Is 49903643 a prime number?
False
Is 396131 composite?
True
Is 623083 a composite number?
True
Is 84966551 prime?
True
Is 73540469 a composite number?
True
Is 4674289 prime?
True
Is 8561701 a composite number?
False
Is 1345363 a prime number?
False
Is 3105779 a composite number?
True
Is 7497577 a composite number?
True
Is 1862837 prime?
True
Is 49903093 a composite number?
True
Is 7498366 a composite number?
True
Is 5980487 a composite number?
True
Is 3438907 a prime number?
False
Is 2444287 a composite number?
False
Is 40165789 composite?
True
Is 139837557 composite?
True
Is 462397 composite?
True
Is 119476667 prime?
True
Is 1867553 composite?
False
Is 41926571 composite?
True
Is 3201043 prime?
True
Is 188874779 prime?
True
Is 385144413 prime?
False
Is 2059378 a composite number?
True
Is 1380311 composite?
True
Is 12424843 composite?
True
Is 16257781 prime?
False
Is 269062813 a prime number?
True
Is 3675089 prime?
False
Is 118531